et g(f) = -32*f**3 - 2*f**2 - 41*f - 39. Give g(-1).
32
Let u(m) = m**3 + 24*m**2 + 19*m + 1084. Give u(-25).
-16
Let a(v) = 313*v - 1257. What is a(4)?
-5
Let m(p) = -105*p + 7247. Give m(69).
2
Let y(r) = r**3 + 109*r**2 + 412*r - 818. Calculate y(-105).
22
Let v(z) = -z**3 - 8*z**2 - 17*z - 203. What is v(-9)?
31
Let c(m) = 2*m - 162. Give c(-70).
-302
Let v(j) = 9*j**2 - 97*j - 112. Calculate v(10).
-182
Let j(y) = y**3 + 19*y**2 + 69*y + 8. Calculate j(-14).
22
Let y(j) = -257*j - 1306. Determine y(-5).
-21
Let k(f) = -f**3 - 12*f**2 - 3*f + 26. Calculate k(-10).
-144
Let a(b) = -b**2 - 7*b + 1114. Give a(30).
4
Let z(x) = -151*x + 3182. Calculate z(21).
11
Let z(l) = 3*l**2 + 37*l + 174. Determine z(-4).
74
Let u(j) = -3602*j - 32411. Determine u(-9).
7
Let x(z) = -13*z - 469. Give x(-36).
-1
Let w(a) = 130*a + 3579. What is w(-29)?
-191
Let a(f) = -23*f**3 + f**2 + 2*f - 2. What is a(1)?
-22
Let v(n) = 193*n + 4. Determine v(1).
197
Let d(v) = -338*v + 17916. Calculate d(53).
2
Let h(l) = -17*l + 22. Calculate h(-4).
90
Let u(i) = -410*i + 16424. Determine u(40).
24
Let n(d) = -d**2 + 21*d - 12. Determine n(7).
86
Let a(w) = -2*w**2 + 200*w - 4866. What is a(41)?
-28
Let y(u) = 20*u**2 - 15*u - 41. Calculate y(-3).
184
Let s(m) = -m**2 + 153*m + 1803. Calculate s(-11).
-1
Let u(a) = 518*a**2 - 1558*a + 8. Calculate u(3).
-4
Let x(v) = 57*v + 824. What is x(-13)?
83
Let n(j) = -970*j**2 + 6780*j + 75. Determine n(7).
5
Let h(d) = d**3 - 14*d**2 + 56*d - 249. Determine h(9).
-150
Let j(q) = -2*q**3 + 13*q**2 - 23*q - 14. Give j(5).
-54
Let y(j) = j**3 + 45*j**2 + 209*j + 125. Calculate y(-40).
-235
Let k(f) = -5*f**3 - 3*f**2 + 2*f + 4. What is k(3)?
-152
Let m(l) = l**3 + 17*l**2 + 18*l - 175. Calculate m(-15).
5
Let q(m) = -m**3 - 31*m**2 + 6*m + 21. Give q(-31).
-165
Let f(m) = m**2 + 246*m + 15008. Determine f(-112).
0
Let j(y) = -374*y - 1536. Give j(-4).
-40
Let v(z) = -185*z**3 - 2*z**2 - 115*z - 112. What is v(-1)?
186
Let r(h) = -59*h**2 - 372*h - 29. Give r(-6).
79
Let h(v) = v**2 + 162*v - 1358. Calculate h(8).
2
Let q(z) = -z**2 - 92*z - 1648. Calculate q(-26).
68
Let f(q) = -1263*q - 16427. Give f(-13).
-8
Let y(j) = -3*j**2 - 52*j - 130. Determine y(-4).
30
Let a(m) = -2*m**2 + 25*m - 232. What is a(13)?
-245
Let h(s) = -2*s**2 - 76*s + 1741. Calculate h(-54).
13
Let n(t) = -2788*t - 44619. What is n(-16)?
-11
Let s(q) = 2*q**2 - 8*q + 24. Give s(5).
34
Let n(p) = 209*p + 1049. Give n(-5).
4
Let b(g) = -2*g**3 + 20*g**2 - 4. Determine b(10).
-4
Let p(h) = h**2 + 54*h + 226. Give p(-48).
-62
Let f(y) = 519*y + 456. Calculate f(-3).
-1101
Let v(p) = -260*p + 2262. Calculate v(9).
-78
Let f(d) = -d**2 - 18*d + 67. Calculate f(3).
4
Let r(j) = -379*j + 14790. Determine r(39).
9
Let h(f) = -233*f + 451. Calculate h(2).
-15
Let s(b) = -4*b + 98. What is s(17)?
30
Let c(d) = -2*d**2 + 24*d - 85. Determine c(4).
-21
Let x(i) = -i**3 + 4*i**2 + 29*i - 125. Determine x(5).
-5
Let i(q) = 404*q - 72727. Calculate i(180).
-7
Let o(l) = 994*l + 39757. Determine o(-40).
-3
Let n(s) = s**3 - 50*s**2 + 292*s + 341. What is n(43)?
-46
Let h(x) = 2*x**2 - 218*x + 219. Determine h(1).
3
Let a(q) = -203*q - 6914. Calculate a(-34).
-12
Let l(t) = -12*t**2 - 511*t - 3326. What is l(-8)?
-6
Let k(d) = 6*d**3 + 65*d**2 - 2*d + 69. Determine k(-11).
-30
Let z(b) = -21*b**3 + 83*b**2 + 7*b - 7. Calculate z(4).
5
Let g(t) = -t**2 + 51*t + 198. Calculate g(55).
-22
Let w(o) = -30*o**2 - 2*o - 12. Calculate w(-3).
-276
Let u(k) = -142*k + 136. Give u(2).
-148
Let f(w) = -w**3 - 28*w**2 + 95*w + 71. Give f(-31).
9
Let z(f) = -f**2 - 31*f - 203. Determine z(-8).
-19
Let r(c) = -36*c + 225. What is r(8)?
-63
Let s(l) = -l**3 - 24*l**2 - 168*l + 22. Calculate s(-15).
517
Let o(s) = s + 87. Determine o(-89).
-2
Let z(v) = -3*v**2 - 21*v - 120. Calculate z(-7).
-120
Let p(f) = 40*f + 434. What is p(-11)?
-6
Let s(v) = -v**3 + 32*v**2 - 2*v - 140. Determine s(32).
-204
Let n(q) = -q**3 + 30*q**2 - 12*q + 421. Calculate n(30).
61
Let i(t) = -t**3 + 95*t**2 - 378*t + 26694. Give i(94).
-2
Let j(p) = -92*p - 546. Give j(-6).
6
Let y(o) = 30*o**2 + 330*o + 4. Give y(-11).
4
Let g(q) = 4454*q + 17870. Calculate g(-4).
54
Let p(g) = -412*g + 147913. Determine p(359).
5
Let v(y) = 6*y**3 + y**2 - 46*y - 93. Give v(-2).
-45
Let y(k) = k**2 - 41*k - 95. What is y(-2)?
-9
Let t(l) = 2*l**3 + 6*l**2 - 72*l + 10. What is t(7)?
486
Let x(t) = 92*t**2 + 77*t + 1. What is x(-1)?
16
Let x(q) = 938*q - 3767. What is x(4)?
-15
Let q(m) = -465*m - 3574. Determine q(-8).
146
Let b(h) = -h**2 - 94*h - 2242. Determine b(-43).
-49
Let a(y) = -y**3 + 5*y**2 + 12*y - 17. Give a(5).
43
Let h(m) = m**2 - 198*m + 388. Calculate h(2).
-4
Let q(g) = -156*g**3 + 84*g**2 + g + 1. Calculate q(1).
-70
Let m(r) = -275*r - 74. What is m(-1)?
201
Let s(k) = 13*k - 4. What is s(-6)?
-82
Let r(v) = -596*v - 2397. Give r(-4).
-13
Let x(p) = -125*p - 330. Determine x(-6).
420
Let c(n) = 9*n**3 - 154*n**2 + 99*n - 1388. Determine c(17).
6
Let g(d) = -50*d - 974. Calculate g(-20).
26
Let r(n) = 46*n - 1297. Determine r(28).
-9
Let s(q) = -205*q**2 - 4096*q + 64. Determine s(-20).
-16
Let g(a) = -a**2 - 199*a + 2069. Give g(10).
-21
Let l(v) = 2*v**3 + 103*v**2 + 330*v - 333. What is l(-48)?
-45
Let z(m) = m**3 + 5*m**2 - 14*m - 26. Determine z(-6).
22
Let t(k) = -70*k**2 + 9449*k + 127. Calculate t(135).
-8
Let s(t) = -2*t**2 - 20*t - 15. Give s(-11).
-37
Let o(c) = -c**2 - c + 14. Determine o(-8).
-42
Let b(m) = -5*m + 65. Calculate b(12).
5
Let c(n) = 8*n**2 + 126*n - 26. What is c(-15)?
-116
Let d(q) = q + 2. Give d(0).
2
Let z(q) = 78*q. Calculate z(-2).
-156
Let v(d) = d**2 - 122*d + 1408. What is v(12)?
88
Let t(p) = 4*p**2 + 7*p - 17. Determine t(-4).
19
Let q(x) = x**3 - x**2 + 6*x - 41. Determine q(3).
-5
Let k(m) = 2*m**2 - 462*m + 18606. Calculate k(52).
-10
Let r(i) = i**3 + 52*i**2 - 8*i - 235. Determine r(-52).
181
Let c(m) = -6*m**3 - 2*m**2 - 3*m - 5. Determine c(3).
-194
Let n(i) = i**3 - 8*i**2 - 52*i + 188. Give n(3).
-13
Let s(r) = 654*r + 15675. Give s(-24).
-21
Let r(w) = 84*w**2 - 2014*w - 24. Calculate r(24).
24
Let s(i) = i**3 - 52*i**2 - 53*i + 32. Determine s(53).
32
Let h(v) = -2*v**3 - 522*v**2 + 23*v + 5986. What is h(-261)?
-17
Let c(b) = 2*b**3 + 119*b**2 - 56*b + 213. Calculate c(-60).
-27
Let c(u) = u**3 - 5*u**2 - 83*u + 208. Determine c(11).
21
Let q(s) = -3*s**3 - 5*s**2 - 1328*s + 1330. Calculate q(1).
-6
Let v(b) = -b**3 - 26*b**2 - 38*b - 284. Determine v(-25).
41
Let d(h) = -h**3 + 44*h**2 - 300*h + 447. Calculate d(36).
15
Let i(p) = -225*p + 43874. Give i(195).
-1
Let d(q) = q**3 + 44*q**2 - 88*q - 4. What is d(2)?
4
Let r(c) = -800*c - 58414. Give r(-73).
-14
Let n(o) = -2*o**2 + 46*o - 170. Determine n(4).
-18
Let w(i) = 96*i**3 + 2*i**2 - i - 1. What is w(1)?
96
Let y(s) = s**2 - 21*s + 79. Determine y(8).
-25
Let z(r) = -r**3 + 14*r**2 + 68*r + 39. Calculate z(18).
-33
Let x(d) = 97*d - 1427. Give x(15).
28
Let h(t) = -t**3 + 52*t**2 + 843*t + 125. What is h(65)?
-5
Let n(i) = i**2 + 82*i + 1168. What is n(-18)?
16
Let m(j) = 18*j**2 + 9*j - 31. What is m(3)?
158
Let h(g) = 89*g + 1784. Determine h(-18).
182
Let b(d) = 119*d + 2267. Calculate b(-18).
125
Let a(c) = -c**3 + 28*c**2 + 5*c - 15. Give a(28).
125
Let t(g) = 2*g**2 + g - 37. Calculate t(-5).
8
Let o(x) = -125*x - 3045. Determine o(-24).
-45
Let a(g) = -g**3 + 153*g**2 + 428*g - 18293. Give a(155).
-3
Let t(r) = -128*r + 1073. Give t(11).
-335
Let s(v) = 20*v + 451. Determine s(-18).
91
Let l(y) = -12*y - 467. Give l(45).
-1007
Let n(q) = -q + 33. Give n(-62).
95
Let h(n) = -54*n + 1540. What is h(29)?
-26
Let u(c) = -2*c**2 - 18*c + 25. Determine u(-11).
-19
Let f(g) = -3*g**2 + 4*g + 25. Determine f(-3).
-14
Let f(r) = -38*r**2 - 3649*r - 66. What is f(-96)?
30
Let d(t) = 122*t - 506. What is d(4)?
-18
Let q(j) = 239*j - 9804. Determine q(41).
-5
Let j(c) = 2*c**2 - 9*c - 43. Calculate j(-4).
25
Let s(w) = -w**3 - 31*w**2 - 62*w - 58. Calculate s(-29).
58
Let k(i) = -73*i**3 - 2*i**2 + 2*i - 1. What is k(1)?
-74
Let i(y) = -9*y**2 + 34. Give i(-5).
-191
Let a(f) = -777*f - 1545. Determine a(-2).
9
Let u(m) = -m**3 + 15*m**2 - 26*m - 6. Calculate u(13).
-6
Let u(w) = -2*w**3 - 74*w**2 - 75*w